{"id":276425,"date":"2026-05-05T11:56:18","date_gmt":"2026-05-05T11:56:18","guid":{"rendered":"https:\/\/tukciptakarya.com\/?page_id=276425"},"modified":"2026-05-05T11:56:18","modified_gmt":"2026-05-05T11:56:18","slug":"efecte-secundare-observate-de-utilizatorii-ventolin-generic","status":"publish","type":"page","link":"https:\/\/tukciptakarya.com\/index.php\/efecte-secundare-observate-de-utilizatorii-ventolin-generic\/","title":{"rendered":"Efecte secundare observate de utilizatorii Ventolin Generic"},"content":{"rendered":"<h1>Pove\u0219tile pacien\u021bilor: ce raporteaz\u0103 oamenii pe Ventolin Generic<\/h1>\n<p>Explorarea pove\u0219tilor \u0219i experien\u021bele din via\u021ba real\u0103 ale persoanelor care folosesc Ventolin Generic pentru gestionarea \u0219i ameliorarea astmului.<\/p>\n<h2>Experien\u021be personale cu Ventolin generic pentru ameliorarea astmului<\/h2>\n<p>Pacien\u021bii cu astm bron\u0219ic spun adesea c\u0103 Ventolin Generic a devenit o parte esen\u021bial\u0103 a rutinei lor zilnice, oferind o u\u0219urare at\u00e2t de necesar\u0103 \u00een timpul atacurilor de astm bron\u0219ic. Mul\u021bi utilizatori au povestit experien\u021be \u00een care o puf\u0103tur\u0103 rapid\u0103 din inhalatorul lor le-a permis s\u0103-\u0219i recapete controlul asupra respira\u021biei, descriind adesea senza\u021bia ca fiind asem\u0103n\u0103toare unui colac de salvare. Astfel de pove\u0219ti personale eviden\u021biaz\u0103 rolul esen\u021bial pe care \u00eel joac\u0103 Ventolin Generic \u00een gestionarea simptomelor care altfel pot fi destul de debilitante.<\/p>\n<p>Pentru unii, Ventolin Generic a devenit sinonim cu lini\u0219tea sufleteasc\u0103, \u0219tiind c\u0103 au un instrument de \u00eencredere pentru a combate simptomele bru\u0219te de astm. Utilizatorii \u00ee\u0219i exprim\u0103 adesea recuno\u0219tin\u021b\u0103 pentru eficacitatea inhalatorului, observ\u00e2nd c\u0103 le permite s\u0103 se angajeze \u00een activit\u0103\u021bi pe care altfel le-ar putea evita. Aceast\u0103 asigurare este apreciat\u0103 \u00een special de cei care duc un stil de via\u021b\u0103 activ sau care au copii care sufer\u0103 de astm.<\/p>\n<h2>Compar\u00e2nd Ventolin generic cu inhalatoarele de marc\u0103<\/h2>\n<p>Mul\u021bi pacien\u021bi care trec de la inhalatoarele de marc\u0103 la Ventolin Generic \u00ee\u0219i exprim\u0103 adesea \u00eengrijor\u0103ri ini\u021biale cu privire la eficacitate \u0219i calitate. Cu toate acestea, numero\u0219i utilizatori raporteaz\u0103 c\u0103, dup\u0103 ce au f\u0103cut schimbarea, nu au observat nicio diferen\u021b\u0103 semnificativ\u0103 de performan\u021b\u0103. Acest lucru sugereaz\u0103 c\u0103 Ventolin Generic se potrive\u0219te cu beneficiile terapeutice ale omologilor s\u0103i de marc\u0103 pentru multe persoane.<\/p>\n<p>Al\u021bii au remarcat c\u0103, \u00een timp ce versiunea generic\u0103 ofer\u0103 o u\u0219urare similar\u0103, economiile de costuri o fac o op\u021biune mai atractiv\u0103. Aspectul financiar nu poate fi subestimat, deoarece gestionarea astmului implic\u0103 adesea utilizarea de inhalatoare pe termen lung, ceea ce face din Ventolin Generic o alternativ\u0103 rentabil\u0103 pentru cei f\u0103r\u0103 acoperire de asigurare complet\u0103.<\/p>\n<h2>Efecte secundare observate de utilizatorii Ventolin Generic<\/h2>\n<p>\u00cen ciuda beneficiilor sale, unii utilizatori de Ventolin Generic au avut reac\u021bii adverse, de\u0219i acestea sunt \u00een general u\u0219oare \u0219i u\u0219or de gestionat. Problemele raportate frecvent includ o u\u0219oar\u0103 nervozitate sau o cre\u0219tere a ritmului cardiac la scurt timp dup\u0103 utilizare. Aceste efecte secundare sunt de obicei de scurt\u0103 durat\u0103 \u0219i tind s\u0103 se diminueze pe m\u0103sur\u0103 ce organismul se adapteaz\u0103 la medicamente.<\/p>\n<p>Cu toate acestea, unii pacien\u021bi \u0219i-au exprimat \u00eengrijorarea cu privire la aceste efecte, \u00een special dac\u0103 acestea sunt mai pronun\u021bate sau persistente. Profesioni\u0219tii din domeniul s\u0103n\u0103t\u0103\u021bii \u00eei asigur\u0103 adesea pe utilizatori c\u0103 astfel de reac\u021bii nu sunt neobi\u0219nuite \u0219i, de obicei, nu dep\u0103\u0219esc beneficiile pentru cei al c\u0103ror astm este bine controlat de Ventolin Generic.<\/p>\n<h2>Ventolin Generic: M\u0103rturii ale utilizatorilor privind eficacitatea<\/h2>\n<p>M\u0103rturiile utilizatorilor eviden\u021biaz\u0103 frecvent eficacitatea Ventolin Generic \u00een ameliorarea rapid\u0103 a simptomelor de astm. Mul\u021bi \u00ee\u0219i descriu inhalatorul ca fiind indispensabil, invoc\u00e2nd adesea ac\u021biunea sa rapid\u0103 ca un factor critic \u00een alegerea medicamentului. Astfel de m\u0103rturii subliniaz\u0103 importan\u021ba amelior\u0103rii imediate \u00een timpul crizelor de astm nea\u0219teptate.<\/p>\n<p>\u00cen plus, pacien\u021bii laud\u0103 adesea inhalatorul pentru consisten\u021ba sa, observ\u00e2nd c\u0103 ofer\u0103 rezultate fiabile de fiecare dat\u0103. Aceast\u0103 fiabilitate este crucial\u0103 pentru cei care necesit\u0103 o utilizare frecvent\u0103, asigur\u00e2ndu-se c\u0103 pot men\u021bine un stil de via\u021b\u0103 activ f\u0103r\u0103 griji constante cu privire la interferen\u021ba astmului.<\/p>\n<h2>Dozajul generic Ventolin \u0219i feedbackul pacientului<\/h2>\n<p>Doza este un factor critic \u00een eficacitatea oric\u0103rui medicament, iar Ventolin Generic nu face excep\u021bie. De obicei, utilizatorii urmeaz\u0103 \u00eendeaproape dozele prescrise, mul\u021bi raport\u00e2nd succes \u00een gestionarea simptomelor atunci c\u00e2nd respect\u0103 instruc\u021biunile furnizorului lor de asisten\u021b\u0103 medical\u0103. Feedback-ul sugereaz\u0103 adesea c\u0103 doza standard este suficient\u0103 pentru gestionarea at\u00e2t a simptomelor de astm bron\u0219ic u\u0219or, c\u00e2t \u0219i a celor severe.<\/p>\n<p>Cu toate acestea, unii pacien\u021bi au \u00eemp\u0103rt\u0103\u0219it <a href=\"https:\/\/farmacievirtuala.com\/cumpara-ventolin-generic-online-fara-reteta\">https:\/\/farmacievirtuala.com\/cumpara-ventolin-generic-online-fara-reteta<\/a> experien\u021be de ajustare a dozei \u00een func\u021bie de nevoile personale, adesea \u00een consultare cu medicii lor. Acest lucru subliniaz\u0103 importan\u021ba \u00eengrijirii personalizate \u0219i necesitatea unei comunic\u0103ri continue \u00eentre pacien\u021bi \u0219i furnizorii de asisten\u021b\u0103 medical\u0103 pentru a asigura un management optim al astmului.<\/p>\n<h2>Utilizarea pe termen lung a Ventolin Generic: Perspective ale pacientului<\/h2>\n<p>Utilizatorii pe termen lung ai Ventolin Generic \u00eemp\u0103rt\u0103\u0219esc adesea informa\u021bii despre eficacitatea \u0219i comoditatea sa sus\u021binut\u0103. Mul\u021bi pacien\u021bi raporteaz\u0103 c\u0103 de-a lungul anilor, inhalatorul a r\u0103mas un partener de \u00eencredere \u00een arsenalul lor de gestionare a astmului bron\u0219ic. Astfel de pove\u0219ti de utilizare pe termen lung sunt importante pentru pacien\u021bii noi care consider\u0103 Ventolin Generic ca o op\u021biune de tratament viabil\u0103.<\/p>\n<p>Interesant este c\u0103 unii utilizatori au observat \u00eembun\u0103t\u0103\u021biri subtile \u00een controlul general al astmului bron\u0219ic cu utilizarea prelungit\u0103, atribuindu-l unei mai bune con\u0219tientiz\u0103ri \u0219i gestion\u0103ri a simptomelor. Acest lucru eviden\u021biaz\u0103 modul \u00een care utilizarea cronic\u0103 poate duce la o \u00een\u021belegere mai profund\u0103 a st\u0103rii cuiva, permi\u021b\u00e2nd strategii de management mai eficiente.<\/p>\n<h2>Ventolin generic: Pove\u0219ti de alinare imediat\u0103<\/h2>\n<p>U\u0219urarea imediat\u0103 este o tem\u0103 comun\u0103 \u00een pove\u0219tile pacien\u021bilor despre Ventolin Generic. Mul\u021bi relateaz\u0103 experien\u021be de utilizare a inhalatorului \u00een timpul crizelor severe de astm \u0219i de ameliorare rapid\u0103 a simptomelor. Astfel de relat\u0103ri descriu adesea o transformare de la panic\u0103 la calm \u00een c\u00e2teva minute, subliniind eficacitatea inhalatorului.<\/p>\n<p>Aceste pove\u0219ti de u\u0219urare rapid\u0103 sunt deosebit de semnificative pentru pacien\u021bii care sufer\u0103 de atacuri de astm frecvente sau imprevizibile, deoarece \u00eent\u0103resc importan\u021ba de a avea la \u00eendem\u00e2n\u0103 un medicament cu ac\u021biune rapid\u0103. Utilizatorii exprim\u0103 frecvent c\u0103 aceast\u0103 u\u0219urare imediat\u0103 este un factor cheie \u00een preferin\u021ba lor pentru Ventolin Generic.<\/p>\n<h2>Costul \u0219i accesibilitatea Ventolin Generic: Perspectivele pacientului<\/h2>\n<p>Accesibilitatea Ventolin Generic este un avantaj semnificativ eviden\u021biat de mul\u021bi pacien\u021bi. Odat\u0103 cu costurile tot mai mari ale asisten\u021bei medicale, beneficiile economice ale opt\u0103rii pentru o versiune generic\u0103 sunt adesea subliniate \u00een nara\u021biunile pacien\u021bilor. Mul\u021bi apreciaz\u0103 povara financiar\u0103 redus\u0103, f\u0103r\u0103 a compromite calitatea.<\/p>\n<p>Accesibilitatea este un alt factor crucial, pacien\u021bii observ\u00e2nd c\u0103 Ventolin Generic este disponibil pe scar\u0103 larg\u0103 la majoritatea farmaciilor. Aceast\u0103 u\u0219urin\u021b\u0103 de acces este vital\u0103 pentru men\u021binerea unui management consecvent al astmului, \u00een special pentru cei care ar putea avea nevoie de reumpleri frecvente.<\/p>\n<h2>Tranzi\u021bia de la numele de marc\u0103 la Ventolin generic: experien\u021bele pacientului<\/h2>\n<p>Trecerea de la un inhalator de marc\u0103 la Ventolin Generic poate fi o decizie descurajant\u0103 pentru mul\u021bi pacien\u021bi. Cu toate acestea, numeroasele experien\u021be sugereaz\u0103 c\u0103 comutatorul este adesea f\u0103r\u0103 \u00eentreruperi, utilizatorii adapt\u00e2ndu-se rapid la versiunea generic\u0103. Aceast\u0103 tranzi\u021bie este adesea motivat\u0103 de considera\u021bii legate de costuri \u0219i de dorin\u021ba unei op\u021biuni de tratament pe termen lung mai durabile.<\/p>\n<p>Pacien\u021bii raporteaz\u0103 frecvent c\u0103 orice temere ini\u021bial\u0103 cu privire la eficacitatea sau calitatea Ventolin Generic sunt de obicei nefondate. Acest lucru este \u00eent\u0103rit de m\u0103rturii care vorbesc despre performan\u021ba \u0219i fiabilitatea comparabile ale inhalatorului, conduc\u00e2nd adesea la o schimbare pozitiv\u0103 pe termen lung.<\/p>\n<h2>Ventolin generic \u0219i astm indus de efort: rapoarte ale utilizatorilor<\/h2>\n<p>Pentru persoanele cu astm indus de efort, Ventolin Generic s-a dovedit a fi un instrument esen\u021bial. Mul\u021bi sportivi \u0219i persoane active raporteaz\u0103 c\u0103 folosesc inhalatorul preventiv \u00eenainte de a se angaja \u00een activitate fizic\u0103, ceea ce le permite s\u0103 participe pe deplin f\u0103r\u0103 teama de un atac de astm.<\/p>\n<p>Utilizatorii \u00eemp\u0103rt\u0103\u0219esc adesea c\u0103 Ventolin Generic le ofer\u0103 \u00eencrederea de a-\u0219i dep\u0103\u0219i limitele fizice, \u0219tiind c\u0103 au un mijloc fiabil de a gestiona orice simptome poten\u021biale. Acest lucru este deosebit de valoros pentru cei al c\u0103ror stil de via\u021b\u0103 activ este o parte integrant\u0103 a bun\u0103st\u0103rii \u0219i fericirii lor.<\/p>\n<h2>Ventolin generic \u00een situa\u021bii de urgen\u021b\u0103: conturi de pacien\u021bi<\/h2>\n<p>\u00cen situa\u021bii de urgen\u021b\u0103, pacien\u021bii povestesc frecvent modul \u00een care Ventolin Generic a fost un salvator. Ac\u021biunea rapid\u0103 a inhalatorului este o tem\u0103 recurent\u0103 \u00een pove\u0219tile \u00een care utilizatorii s-au trezit \u00een mare nevoie de alinare imediat\u0103. Astfel de relat\u0103ri eviden\u021biaz\u0103 rolul critic al inhalatorului \u00een gestionarea de urgen\u021b\u0103 a astmului.<\/p>\n<p>Aceste experien\u021be \u00eent\u0103resc adesea importan\u021ba purt\u0103rii inhalatorului \u00een orice moment, deoarece atacurile de astm pot ap\u0103rea \u00een mod imprevizibil. Pentru mul\u021bi pacien\u021bi, lini\u0219tea pe care o de\u021bine Ventolin Generic disponibil u\u0219or este de nepre\u021buit, mai ales \u00een situa\u021bii cu risc ridicat.<\/p>\n<h2>Satisfac\u021bia pacientului cu programele de asisten\u021b\u0103 generic\u0103 Ventolin<\/h2>\n<p>Programele de asisten\u021b\u0103 asociate cu Ventolin Generic au fost bine primite de mul\u021bi utilizatori. Aceste programe ofer\u0103 adesea resurse \u0219i informa\u021bii valoroase care ajut\u0103 la o mai bun\u0103 gestionare a astmului. Pacien\u021bii \u00ee\u0219i exprim\u0103 frecvent satisfac\u021bia fa\u021b\u0103 de sprijinul suplimentar, observ\u00e2nd c\u0103 le \u00eembun\u0103t\u0103\u021be\u0219te experien\u021ba general\u0103 de tratament.<\/p>\n<p>Astfel de programe pot include materiale educa\u021bionale, acces la profesioni\u0219ti din domeniul s\u0103n\u0103t\u0103\u021bii \u0219i uneori asisten\u021b\u0103 financiar\u0103, toate acestea contribuind la o abordare mai cuprinz\u0103toare a \u00eengrijirii astmului bron\u0219ic. Acest sprijin holistic este adesea apreciat de pacien\u021bii care caut\u0103 mai mult dec\u00e2t doar medicamente pentru a-\u0219i gestiona starea.<\/p>\n<h2>Ventolin generic: Anecdote despre gestionarea declan\u0219atorilor de astm<\/h2>\n<p>Pacien\u021bii care utilizeaz\u0103 Ventolin Generic \u00eemp\u0103rt\u0103\u0219esc adesea strategii de gestionare a factorilor declan\u0219atori ai astmului, care sunt la fel de variate ca \u0219i utilizatorii \u00een\u0219i\u0219i. Anecdotele obi\u0219nuite implic\u0103 identificarea declan\u0219atorilor specifici, cum ar fi polenul, praful sau exerci\u021biile fizice, \u0219i adaptarea mediului sau stilul de via\u021b\u0103 \u00een consecin\u021b\u0103 pentru a minimiza expunerea.<\/p>\n<p>Pove\u0219tile eviden\u021biaz\u0103 frecvent rolul Ventolin Generic \u00een furnizarea unei plase de siguran\u021b\u0103, permi\u021b\u00e2nd pacien\u021bilor s\u0103 experimenteze diferite tehnici de management f\u0103r\u0103 teama de consecin\u021be grave. Inhalatorul devine parte a unei strategii mai ample de gestionare a astmului bron\u0219ic, care include at\u00e2t medicamente, c\u00e2t \u0219i ajust\u0103ri ale stilului de via\u021b\u0103.<\/p>\n<h2>Ventolin Generic: Pove\u0219ti despre pacien\u021bi despre c\u0103l\u0103torii \u0219i accesibilitate<\/h2>\n<p>C\u0103l\u0103toriile cu astm bron\u0219ic pot prezenta provoc\u0103ri unice, dar mul\u021bi pacien\u021bi povestesc experien\u021be pozitive cu Ventolin Generic. Dimensiunea compact\u0103 \u0219i eficien\u021ba inhalatorului \u00eel fac \u00eenso\u021bitorul ideal de c\u0103l\u0103torie, asigur\u00e2nd pacien\u021bii s\u0103 se bucure de c\u0103l\u0103toriile lor f\u0103r\u0103 \u00eentreruperi legate de astm bron\u0219ic.<\/p>\n<p>Utilizatorii descriu adesea modul \u00een care a avea Ventolin Generic la \u00eendem\u00e2n\u0103 ofer\u0103 lini\u0219tire \u00een timpul c\u0103l\u0103toriilor, \u00een special \u00een medii nefamiliare \u00een care declan\u0219atorii astmului pot fi imprevizibili. Accesibilitatea \u00een diferite loca\u021bii este un alt aspect pe care pacien\u021bii \u00eel apreciaz\u0103, adesea g\u0103sind inhalatorul disponibil \u00een farmacii din diferite regiuni.<\/p>\n<h2>\u00cen\u021belegerea preferin\u021belor pacien\u021bilor pentru Ventolin Generic<\/h2>\n<p>Preferin\u021bele pacien\u021bilor pentru Ventolin Generic graviteaz\u0103 adesea \u00een jurul eficien\u021bei costurilor, u\u0219urin\u021bei \u00een utilizare \u0219i fiabilit\u0103\u021bii sale. Ace\u0219ti factori contribuie la o percep\u021bie pozitiv\u0103, f\u0103c\u00e2ndu-l o alegere preferat\u0103 pentru multe persoane care gestioneaz\u0103 astmul. Utilizatorii citeaz\u0103 frecvent echilibrul dintre accesibilitate \u0219i eficacitate ca un motiv semnificativ pentru preferin\u021ba lor.<\/p>\n<p>Pe l\u00e2ng\u0103 considerentele practice, capacitatea inhalatorului de a oferi o u\u0219urare rapid\u0103 de\u021bine o greutate semnificativ\u0103 \u00een preferin\u021bele pacientului. Combina\u021bia acestor elemente face din Ventolin Generic o op\u021biune foarte apreciat\u0103 \u00een r\u00e2ndul persoanelor care sufer\u0103 de astm bron\u0219ic, a\u0219a cum o demonstreaz\u0103 pove\u0219tile diverse \u0219i pozitive \u00eemp\u0103rt\u0103\u0219ite de utilizatorii s\u0103i.<\/p>\n","protected":false},"excerpt":{"rendered":"<p>Pove\u0219tile pacien\u021bilor: ce raporteaz\u0103 oamenii pe Ventolin Generic Explorarea pove\u0219tilor \u0219i experien\u021bele din via\u021ba real\u0103 ale persoanelor care folosesc Ventolin Generic pentru gestionarea \u0219i ameliorarea astmului. Experien\u021be personale cu Ventolin generic pentru ameliorarea astmului Pacien\u021bii cu astm bron\u0219ic spun adesea c\u0103 Ventolin Generic a devenit o parte esen\u021bial\u0103 a rutinei lor zilnice, oferind o u\u0219urare [&hellip;]<\/p>\n","protected":false},"author":1,"featured_media":0,"parent":0,"menu_order":0,"comment_status":"closed","ping_status":"closed","template":"","meta":{"footnotes":""},"class_list":["post-276425","page","type-page","status-publish","hentry"],"yoast_head":"<!-- This site is optimized with the Yoast SEO plugin v22.8 - https:\/\/yoast.com\/wordpress\/plugins\/seo\/ -->\n<title>Efecte secundare observate de utilizatorii Ventolin Generic - Tempat Uji Kompetensi Gresik - Cipta Karya<\/title>\n<meta name=\"robots\" content=\"index, follow, max-snippet:-1, max-image-preview:large, max-video-preview:-1\" \/>\n<link rel=\"canonical\" href=\"https:\/\/tukciptakarya.com\/index.php\/efecte-secundare-observate-de-utilizatorii-ventolin-generic\/\" \/>\n<meta property=\"og:locale\" content=\"en_US\" \/>\n<meta property=\"og:type\" content=\"article\" \/>\n<meta property=\"og:title\" content=\"Efecte secundare observate de utilizatorii Ventolin Generic - Tempat Uji Kompetensi Gresik - Cipta Karya\" \/>\n<meta property=\"og:description\" content=\"Pove\u0219tile pacien\u021bilor: ce raporteaz\u0103 oamenii pe Ventolin Generic Explorarea pove\u0219tilor \u0219i experien\u021bele din via\u021ba real\u0103 ale persoanelor care folosesc Ventolin Generic pentru gestionarea \u0219i ameliorarea astmului. Experien\u021be personale cu Ventolin generic pentru ameliorarea astmului Pacien\u021bii cu astm bron\u0219ic spun adesea c\u0103 Ventolin Generic a devenit o parte esen\u021bial\u0103 a rutinei lor zilnice, oferind o u\u0219urare [&hellip;]\" \/>\n<meta property=\"og:url\" content=\"https:\/\/tukciptakarya.com\/index.php\/efecte-secundare-observate-de-utilizatorii-ventolin-generic\/\" \/>\n<meta property=\"og:site_name\" content=\"Tempat Uji Kompetensi Gresik - Cipta Karya\" \/>\n<meta name=\"twitter:card\" content=\"summary_large_image\" \/>\n<meta name=\"twitter:label1\" content=\"Est. reading time\" \/>\n\t<meta name=\"twitter:data1\" content=\"10 minutes\" \/>\n<script type=\"application\/ld+json\" class=\"yoast-schema-graph\">{\"@context\":\"https:\/\/schema.org\",\"@graph\":[{\"@type\":\"WebPage\",\"@id\":\"https:\/\/tukciptakarya.com\/index.php\/efecte-secundare-observate-de-utilizatorii-ventolin-generic\/\",\"url\":\"https:\/\/tukciptakarya.com\/index.php\/efecte-secundare-observate-de-utilizatorii-ventolin-generic\/\",\"name\":\"Efecte secundare observate de utilizatorii Ventolin Generic - Tempat Uji Kompetensi Gresik - Cipta Karya\",\"isPartOf\":{\"@id\":\"https:\/\/tukciptakarya.com\/#website\"},\"datePublished\":\"2026-05-05T11:56:18+00:00\",\"dateModified\":\"2026-05-05T11:56:18+00:00\",\"breadcrumb\":{\"@id\":\"https:\/\/tukciptakarya.com\/index.php\/efecte-secundare-observate-de-utilizatorii-ventolin-generic\/#breadcrumb\"},\"inLanguage\":\"en-US\",\"potentialAction\":[{\"@type\":\"ReadAction\",\"target\":[\"https:\/\/tukciptakarya.com\/index.php\/efecte-secundare-observate-de-utilizatorii-ventolin-generic\/\"]}]},{\"@type\":\"BreadcrumbList\",\"@id\":\"https:\/\/tukciptakarya.com\/index.php\/efecte-secundare-observate-de-utilizatorii-ventolin-generic\/#breadcrumb\",\"itemListElement\":[{\"@type\":\"ListItem\",\"position\":1,\"name\":\"Home\",\"item\":\"https:\/\/tukciptakarya.com\/\"},{\"@type\":\"ListItem\",\"position\":2,\"name\":\"Efecte secundare observate de utilizatorii Ventolin Generic\"}]},{\"@type\":\"WebSite\",\"@id\":\"https:\/\/tukciptakarya.com\/#website\",\"url\":\"https:\/\/tukciptakarya.com\/\",\"name\":\"Tempat Uji Kompetensi Gresik - Cipta Karya\",\"description\":\"\",\"potentialAction\":[{\"@type\":\"SearchAction\",\"target\":{\"@type\":\"EntryPoint\",\"urlTemplate\":\"https:\/\/tukciptakarya.com\/?s={search_term_string}\"},\"query-input\":\"required name=search_term_string\"}],\"inLanguage\":\"en-US\"}]}<\/script>\n<!-- \/ Yoast SEO plugin. -->","yoast_head_json":{"title":"Efecte secundare observate de utilizatorii Ventolin Generic - Tempat Uji Kompetensi Gresik - Cipta Karya","robots":{"index":"index","follow":"follow","max-snippet":"max-snippet:-1","max-image-preview":"max-image-preview:large","max-video-preview":"max-video-preview:-1"},"canonical":"https:\/\/tukciptakarya.com\/index.php\/efecte-secundare-observate-de-utilizatorii-ventolin-generic\/","og_locale":"en_US","og_type":"article","og_title":"Efecte secundare observate de utilizatorii Ventolin Generic - Tempat Uji Kompetensi Gresik - Cipta Karya","og_description":"Pove\u0219tile pacien\u021bilor: ce raporteaz\u0103 oamenii pe Ventolin Generic Explorarea pove\u0219tilor \u0219i experien\u021bele din via\u021ba real\u0103 ale persoanelor care folosesc Ventolin Generic pentru gestionarea \u0219i ameliorarea astmului. Experien\u021be personale cu Ventolin generic pentru ameliorarea astmului Pacien\u021bii cu astm bron\u0219ic spun adesea c\u0103 Ventolin Generic a devenit o parte esen\u021bial\u0103 a rutinei lor zilnice, oferind o u\u0219urare [&hellip;]","og_url":"https:\/\/tukciptakarya.com\/index.php\/efecte-secundare-observate-de-utilizatorii-ventolin-generic\/","og_site_name":"Tempat Uji Kompetensi Gresik - Cipta Karya","twitter_card":"summary_large_image","twitter_misc":{"Est. reading time":"10 minutes"},"schema":{"@context":"https:\/\/schema.org","@graph":[{"@type":"WebPage","@id":"https:\/\/tukciptakarya.com\/index.php\/efecte-secundare-observate-de-utilizatorii-ventolin-generic\/","url":"https:\/\/tukciptakarya.com\/index.php\/efecte-secundare-observate-de-utilizatorii-ventolin-generic\/","name":"Efecte secundare observate de utilizatorii Ventolin Generic - Tempat Uji Kompetensi Gresik - Cipta Karya","isPartOf":{"@id":"https:\/\/tukciptakarya.com\/#website"},"datePublished":"2026-05-05T11:56:18+00:00","dateModified":"2026-05-05T11:56:18+00:00","breadcrumb":{"@id":"https:\/\/tukciptakarya.com\/index.php\/efecte-secundare-observate-de-utilizatorii-ventolin-generic\/#breadcrumb"},"inLanguage":"en-US","potentialAction":[{"@type":"ReadAction","target":["https:\/\/tukciptakarya.com\/index.php\/efecte-secundare-observate-de-utilizatorii-ventolin-generic\/"]}]},{"@type":"BreadcrumbList","@id":"https:\/\/tukciptakarya.com\/index.php\/efecte-secundare-observate-de-utilizatorii-ventolin-generic\/#breadcrumb","itemListElement":[{"@type":"ListItem","position":1,"name":"Home","item":"https:\/\/tukciptakarya.com\/"},{"@type":"ListItem","position":2,"name":"Efecte secundare observate de utilizatorii Ventolin Generic"}]},{"@type":"WebSite","@id":"https:\/\/tukciptakarya.com\/#website","url":"https:\/\/tukciptakarya.com\/","name":"Tempat Uji Kompetensi Gresik - Cipta Karya","description":"","potentialAction":[{"@type":"SearchAction","target":{"@type":"EntryPoint","urlTemplate":"https:\/\/tukciptakarya.com\/?s={search_term_string}"},"query-input":"required name=search_term_string"}],"inLanguage":"en-US"}]}},"_links":{"self":[{"href":"https:\/\/tukciptakarya.com\/index.php\/wp-json\/wp\/v2\/pages\/276425","targetHints":{"allow":["GET"]}}],"collection":[{"href":"https:\/\/tukciptakarya.com\/index.php\/wp-json\/wp\/v2\/pages"}],"about":[{"href":"https:\/\/tukciptakarya.com\/index.php\/wp-json\/wp\/v2\/types\/page"}],"author":[{"embeddable":true,"href":"https:\/\/tukciptakarya.com\/index.php\/wp-json\/wp\/v2\/users\/1"}],"replies":[{"embeddable":true,"href":"https:\/\/tukciptakarya.com\/index.php\/wp-json\/wp\/v2\/comments?post=276425"}],"version-history":[{"count":1,"href":"https:\/\/tukciptakarya.com\/index.php\/wp-json\/wp\/v2\/pages\/276425\/revisions"}],"predecessor-version":[{"id":276426,"href":"https:\/\/tukciptakarya.com\/index.php\/wp-json\/wp\/v2\/pages\/276425\/revisions\/276426"}],"wp:attachment":[{"href":"https:\/\/tukciptakarya.com\/index.php\/wp-json\/wp\/v2\/media?parent=276425"}],"curies":[{"name":"wp","href":"https:\/\/api.w.org\/{rel}","templated":true}]}}